{"id":42,"date":"2025-04-15T15:43:39","date_gmt":"2025-04-15T15:43:39","guid":{"rendered":"http:\/\/cesarbor.com.br\/?page_id=42"},"modified":"2025-04-28T14:29:02","modified_gmt":"2025-04-28T14:29:02","slug":"sustentabilidade","status":"publish","type":"page","link":"https:\/\/cesarbor.com.br\/?page_id=42","title":{"rendered":"Sustentabilidade"},"content":{"rendered":"\t\t<div data-elementor-type=\"wp-page\" data-elementor-id=\"42\" class=\"elementor elementor-42\" data-elementor-post-type=\"page\">\n\t\t\t\t<div class=\"elementor-element elementor-element-2ee84c0 e-con-full e-flex e-con e-parent\" data-id=\"2ee84c0\" data-element_type=\"container\" data-settings=\"{&quot;background_background&quot;:&quot;classic&quot;,&quot;position&quot;:&quot;fixed&quot;}\">\n\t\t\t\t<div class=\"elementor-element elementor-element-045c946 elementor-widget-mobile__width-inherit elementor-widget elementor-widget-quadmenu\" data-id=\"045c946\" data-element_type=\"widget\" data-widget_type=\"quadmenu.default\">\n\t\t\t\t<div class=\"elementor-widget-container\">\n\t\t\t\t\t<nav id=\"quadmenu\" class=\"quadmenu-default_theme quadmenu-v3.2.1 quadmenu-align-right quadmenu-divider-hide quadmenu-carets-hide quadmenu-background-color quadmenu-mobile-shadow-show quadmenu-dropdown-shadow-show quadmenu-offcanvas-right quadmenu-hover-ripple\" data-theme=\"default_theme\" data-template=\"offcanvas\" data-unwrap=\"0\" data-width=\"1\" data-selector=\"\" data-breakpoint=\"768\" data-sticky=\"1\" data-sticky-offset=\"0\">\n\t<div class=\"quadmenu-container\">\n\t<div class=\"quadmenu-navbar-header\">\n\t\t<button type=\"button\" class=\"quadmenu-navbar-toggle collapsed\" data-quadmenu=\"collapse\" data-target=\"#quadmenu_0\" aria-expanded=\"false\" aria-controls=\"quadmenu\">\n\t<span class=\"icon-bar-container\">\n\t<span class=\"icon-bar icon-bar-top\"><\/span>\n\t<span class=\"icon-bar icon-bar-middle\"><\/span>\n\t<span class=\"icon-bar icon-bar-bottom\"><\/span>\n\t<\/span>\n<\/button>\t\t\t<a class=\"quadmenu-navbar-brand img\" href=\"https:\/\/cesarbor.com.br\"><img decoding=\"async\" height=\"60\" width=\"160\" src=\"https:\/\/cesarbor.com.br\/wp-content\/uploads\/2025\/04\/logo-cesarbor.png\" alt=\"Cesarbor\"\/><\/a>\n\t<\/div>\n\t<div id=\"quadmenu_0\" class=\"navbar-offcanvas\">\n\t\t\t<a class=\"quadmenu-navbar-brand img\" href=\"https:\/\/cesarbor.com.br\"><img decoding=\"async\" height=\"60\" width=\"160\" src=\"https:\/\/cesarbor.com.br\/wp-content\/uploads\/2025\/04\/logo-cesarbor.png\" alt=\"Cesarbor\"\/><\/a>\n\t\t<ul class=\"quadmenu-navbar-nav\"><li id=\"menu-item-55\" class=\"quadmenu-item-55 quadmenu-item quadmenu-item-object-page quadmenu-item-home quadmenu-item-type-post_type quadmenu-item-type-post_type quadmenu-item-level-0 quadmenu-has-title quadmenu-has-link quadmenu-has-background quadmenu-dropdown-right\">\t\t\t\t<a  href=\"https:\/\/cesarbor.com.br\/\">\n\t\t\t<span class=\"quadmenu-item-content\">\n\t\t\t\t\t\t\t\t\t\t\t\t\t\t\t\t\t<span class=\"quadmenu-text  hover t_1000\">P\u00e1gina inicial<\/span>\n\t\t\t\t\t\t\t\t\t\t\t\t\t\t\t\t\t<\/span>\n\t\t<\/a>\n\t\t\t\t<\/li><li id=\"menu-item-54\" class=\"quadmenu-item-54 quadmenu-item quadmenu-item-object-page quadmenu-item-type-post_type quadmenu-item-type-post_type quadmenu-item-level-0 quadmenu-has-title quadmenu-has-link quadmenu-has-background quadmenu-dropdown-right\">\t\t\t\t<a  href=\"https:\/\/cesarbor.com.br\/?page_id=42\">\n\t\t\t<span class=\"quadmenu-item-content\">\n\t\t\t\t\t\t\t\t\t\t\t\t\t\t\t\t\t<span class=\"quadmenu-text  hover t_1000\">Sustentabilidade<\/span>\n\t\t\t\t\t\t\t\t\t\t\t\t\t\t\t\t\t<\/span>\n\t\t<\/a>\n\t\t\t\t<\/li><\/ul>\t<\/div>\n\t<\/div>\n<\/nav>\t\t\t\t<\/div>\n\t\t\t\t<\/div>\n\t\t\t\t<div class=\"elementor-element elementor-element-4879f0c elementor-widget__width-initial elementor-absolute elementor-widget elementor-widget-shortcode\" data-id=\"4879f0c\" data-element_type=\"widget\" data-settings=\"{&quot;_position&quot;:&quot;absolute&quot;}\" data-widget_type=\"shortcode.default\">\n\t\t\t\t<div class=\"elementor-widget-container\">\n\t\t\t\t\t\t\t<div class=\"elementor-shortcode\"><div class=\"gtranslate_wrapper\" id=\"gt-wrapper-52135669\"><\/div><\/div>\n\t\t\t\t\t\t<\/div>\n\t\t\t\t<\/div>\n\t\t\t\t<\/div>\n\t\t<div class=\"elementor-element elementor-element-2bea8bd e-con-full e-flex e-con e-parent\" data-id=\"2bea8bd\" data-element_type=\"container\" data-settings=\"{&quot;background_background&quot;:&quot;classic&quot;}\">\n\t\t<div class=\"elementor-element elementor-element-312d8fc e-con-full e-flex e-con e-child\" data-id=\"312d8fc\" data-element_type=\"container\">\n\t\t\t\t<div class=\"elementor-element elementor-element-3ce3915 elementor-widget__width-inherit elementor-widget elementor-widget-image-box\" data-id=\"3ce3915\" data-element_type=\"widget\" data-widget_type=\"image-box.default\">\n\t\t\t\t<div class=\"elementor-widget-container\">\n\t\t\t\t\t<div class=\"elementor-image-box-wrapper\"><div class=\"elementor-image-box-content\"><h3 class=\"elementor-image-box-title\">Sustentabilidade<\/h3><p class=\"elementor-image-box-description\">Compromisso com o planeta e com as futuras gera\u00e7\u00f5es\n\n\n<\/p><\/div><\/div>\t\t\t\t<\/div>\n\t\t\t\t<\/div>\n\t\t\t\t<\/div>\n\t\t\t\t<\/div>\n\t\t<div class=\"elementor-element elementor-element-e9e9d48 e-con-full e-flex e-con e-parent\" data-id=\"e9e9d48\" data-element_type=\"container\">\n\t\t\t\t<div class=\"elementor-element elementor-element-17fafb4 elementor-widget elementor-widget-text-editor\" data-id=\"17fafb4\" data-element_type=\"widget\" data-widget_type=\"text-editor.default\">\n\t\t\t\t<div class=\"elementor-widget-container\">\n\t\t\t\t\t\t\t\t\t<h2 class=\"\" data-start=\"458\" data-end=\"482\">Compromisso que vai al\u00e9m da produ\u00e7\u00e3o<\/h2><p class=\"\" data-start=\"525\" data-end=\"811\">Na <strong data-start=\"528\" data-end=\"540\">Cesarbor<\/strong>, acreditamos que a responsabilidade com o meio ambiente deve caminhar junto com a inova\u00e7\u00e3o e a efici\u00eancia industrial. Por isso, adotamos pr\u00e1ticas sustent\u00e1veis que garantem <strong data-start=\"713\" data-end=\"752\">qualidade com consci\u00eancia ambiental<\/strong>, respeitando as futuras gera\u00e7\u00f5es e os recursos do planeta.<\/p><hr class=\"\" data-start=\"813\" data-end=\"816\" \/><h3 class=\"\" data-start=\"818\" data-end=\"861\">\u267b\ufe0f Processos otimizados e menor impacto<\/h3><p class=\"\" data-start=\"863\" data-end=\"1090\">Trabalhamos com processos que priorizam <strong data-start=\"903\" data-end=\"992\">o reaproveitamento de materiais, a redu\u00e7\u00e3o de res\u00edduos e o uso consciente de recursos<\/strong>. Nossa produ\u00e7\u00e3o \u00e9 pensada para evitar desperd\u00edcios e minimizar o impacto ambiental em cada etapa.<\/p><hr class=\"\" data-start=\"1092\" data-end=\"1095\" \/><h3 class=\"\" data-start=\"1097\" data-end=\"1135\">\u2699\ufe0f Pe\u00e7as dur\u00e1veis = menos descarte<\/h3><p class=\"\" data-start=\"1137\" data-end=\"1376\">Produzir sob medida com foco na <strong data-start=\"1169\" data-end=\"1199\">durabilidade e resist\u00eancia<\/strong> tamb\u00e9m \u00e9 uma forma de cuidar do planeta. Ao entregar pe\u00e7as que duram mais, reduzimos a necessidade de substitui\u00e7\u00f5es constantes e evitamos o descarte desnecess\u00e1rio de materiais.<\/p><hr class=\"\" data-start=\"1378\" data-end=\"1381\" \/><h3 class=\"\" data-start=\"1383\" data-end=\"1415\">\ud83c\udf31 Mat\u00e9ria-prima respons\u00e1vel<\/h3><p class=\"\" data-start=\"1417\" data-end=\"1593\">Selecionamos fornecedores que seguem <strong data-start=\"1454\" data-end=\"1485\">normas ambientais rigorosas<\/strong> e buscamos constantemente alternativas que combinem desempenho t\u00e9cnico com menor agress\u00e3o ao meio ambiente.<\/p><hr class=\"\" data-start=\"1595\" data-end=\"1598\" \/><h3 class=\"\" data-start=\"1600\" data-end=\"1641\">\ud83e\udd1d Sustentabilidade que envolve todos<\/h3><p class=\"\" data-start=\"1643\" data-end=\"1845\">Nossa miss\u00e3o sustent\u00e1vel n\u00e3o para na f\u00e1brica. Incentivamos <strong data-start=\"1702\" data-end=\"1727\">parcerias conscientes<\/strong> com clientes e colaboradores, promovendo pr\u00e1ticas que favore\u00e7am a preserva\u00e7\u00e3o ambiental sem abrir m\u00e3o da performance.<\/p>\t\t\t\t\t\t\t\t<\/div>\n\t\t\t\t<\/div>\n\t\t\t\t<\/div>\n\t\t<div class=\"elementor-element elementor-element-ccdc328 e-con-full e-flex e-con e-child\" data-id=\"ccdc328\" data-element_type=\"container\" data-settings=\"{&quot;background_background&quot;:&quot;classic&quot;}\">\n\t\t<div class=\"elementor-element elementor-element-c9aadc1 e-con-full container-limitado e-flex e-con e-child\" data-id=\"c9aadc1\" data-element_type=\"container\">\n\t\t<div class=\"elementor-element elementor-element-5a5890a e-con-full e-flex e-con e-child\" data-id=\"5a5890a\" data-element_type=\"container\">\n\t\t\t\t<div class=\"elementor-element elementor-element-9d18221 elementor-widget elementor-widget-image\" data-id=\"9d18221\" data-element_type=\"widget\" data-widget_type=\"image.default\">\n\t\t\t\t<div class=\"elementor-widget-container\">\n\t\t\t\t\t\t\t\t\t\t\t\t\t\t\t<img fetchpriority=\"high\" decoding=\"async\" width=\"800\" height=\"180\" src=\"https:\/\/cesarbor.com.br\/wp-content\/uploads\/2025\/04\/logo-cesarbor.png\" class=\"attachment-large size-large wp-image-30\" alt=\"Logo cesarbor\" srcset=\"https:\/\/cesarbor.com.br\/wp-content\/uploads\/2025\/04\/logo-cesarbor.png 940w, https:\/\/cesarbor.com.br\/wp-content\/uploads\/2025\/04\/logo-cesarbor-300x67.png 300w, https:\/\/cesarbor.com.br\/wp-content\/uploads\/2025\/04\/logo-cesarbor-768x172.png 768w\" sizes=\"(max-width: 800px) 100vw, 800px\" \/>\t\t\t\t\t\t\t\t\t\t\t\t\t\t\t<\/div>\n\t\t\t\t<\/div>\n\t\t\t\t<div class=\"elementor-element elementor-element-bc7248f elementor-widget elementor-widget-heading\" data-id=\"bc7248f\" data-element_type=\"widget\" data-widget_type=\"heading.default\">\n\t\t\t\t<div class=\"elementor-widget-container\">\n\t\t\t\t\t<h6 class=\"elementor-heading-title elementor-size-default\">Contatos<\/h6>\t\t\t\t<\/div>\n\t\t\t\t<\/div>\n\t\t<div class=\"elementor-element elementor-element-e5a2d18 e-con-full e-flex e-con e-child\" data-id=\"e5a2d18\" data-element_type=\"container\">\n\t\t\t\t<div class=\"elementor-element elementor-element-5447361 elementor-position-left elementor-vertical-align-middle elementor-mobile-position-left elementor-view-default elementor-widget elementor-widget-icon-box\" data-id=\"5447361\" data-element_type=\"widget\" data-widget_type=\"icon-box.default\">\n\t\t\t\t<div class=\"elementor-widget-container\">\n\t\t\t\t\t\t\t<div class=\"elementor-icon-box-wrapper\">\n\n\t\t\t\t\t\t<div class=\"elementor-icon-box-icon\">\n\t\t\t\t<span  class=\"elementor-icon\">\n\t\t\t\t<svg aria-hidden=\"true\" class=\"e-font-icon-svg e-fas-map-marker-alt\" viewBox=\"0 0 384 512\" xmlns=\"http:\/\/www.w3.org\/2000\/svg\"><path d=\"M172.268 501.67C26.97 291.031 0 269.413 0 192 0 85.961 85.961 0 192 0s192 85.961 192 192c0 77.413-26.97 99.031-172.268 309.67-9.535 13.774-29.93 13.773-39.464 0zM192 272c44.183 0 80-35.817 80-80s-35.817-80-80-80-80 35.817-80 80 35.817 80 80 80z\"><\/path><\/svg>\t\t\t\t<\/span>\n\t\t\t<\/div>\n\t\t\t\n\t\t\t\t\t\t<div class=\"elementor-icon-box-content\">\n\n\t\t\t\t\n\t\t\t\t\t\t\t\t\t<p class=\"elementor-icon-box-description\">\n\t\t\t\t\t\tR. dos Vianas, 1700 - Baeta Neves\t\t\t\t\t<\/p>\n\t\t\t\t\n\t\t\t<\/div>\n\t\t\t\n\t\t<\/div>\n\t\t\t\t\t\t<\/div>\n\t\t\t\t<\/div>\n\t\t\t\t<div class=\"elementor-element elementor-element-e21feca elementor-position-left elementor-vertical-align-middle elementor-mobile-position-left elementor-view-default elementor-widget elementor-widget-icon-box\" data-id=\"e21feca\" data-element_type=\"widget\" data-widget_type=\"icon-box.default\">\n\t\t\t\t<div class=\"elementor-widget-container\">\n\t\t\t\t\t\t\t<div class=\"elementor-icon-box-wrapper\">\n\n\t\t\t\t\t\t<div class=\"elementor-icon-box-icon\">\n\t\t\t\t<span  class=\"elementor-icon\">\n\t\t\t\t<svg aria-hidden=\"true\" class=\"e-font-icon-svg e-fas-phone-alt\" viewBox=\"0 0 512 512\" xmlns=\"http:\/\/www.w3.org\/2000\/svg\"><path d=\"M497.39 361.8l-112-48a24 24 0 0 0-28 6.9l-49.6 60.6A370.66 370.66 0 0 1 130.6 204.11l60.6-49.6a23.94 23.94 0 0 0 6.9-28l-48-112A24.16 24.16 0 0 0 122.6.61l-104 24A24 24 0 0 0 0 48c0 256.5 207.9 464 464 464a24 24 0 0 0 23.4-18.6l24-104a24.29 24.29 0 0 0-14.01-27.6z\"><\/path><\/svg>\t\t\t\t<\/span>\n\t\t\t<\/div>\n\t\t\t\n\t\t\t\t\t\t<div class=\"elementor-icon-box-content\">\n\n\t\t\t\t\n\t\t\t\t\t\t\t\t\t<p class=\"elementor-icon-box-description\">\n\t\t\t\t\t\t+55 11 4066 5578\t\t\t\t\t<\/p>\n\t\t\t\t\n\t\t\t<\/div>\n\t\t\t\n\t\t<\/div>\n\t\t\t\t\t\t<\/div>\n\t\t\t\t<\/div>\n\t\t\t\t<div class=\"elementor-element elementor-element-980e865 elementor-position-left elementor-vertical-align-middle elementor-mobile-position-left elementor-view-default elementor-widget elementor-widget-icon-box\" data-id=\"980e865\" data-element_type=\"widget\" data-widget_type=\"icon-box.default\">\n\t\t\t\t<div class=\"elementor-widget-container\">\n\t\t\t\t\t\t\t<div class=\"elementor-icon-box-wrapper\">\n\n\t\t\t\t\t\t<div class=\"elementor-icon-box-icon\">\n\t\t\t\t<span  class=\"elementor-icon\">\n\t\t\t\t<svg aria-hidden=\"true\" class=\"e-font-icon-svg e-fas-mail-bulk\" viewBox=\"0 0 576 512\" xmlns=\"http:\/\/www.w3.org\/2000\/svg\"><path d=\"M160 448c-25.6 0-51.2-22.4-64-32-64-44.8-83.2-60.8-96-70.4V480c0 17.67 14.33 32 32 32h256c17.67 0 32-14.33 32-32V345.6c-12.8 9.6-32 25.6-96 70.4-12.8 9.6-38.4 32-64 32zm128-192H32c-17.67 0-32 14.33-32 32v16c25.6 19.2 22.4 19.2 115.2 86.4 9.6 6.4 28.8 25.6 44.8 25.6s35.2-19.2 44.8-22.4c92.8-67.2 89.6-67.2 115.2-86.4V288c0-17.67-14.33-32-32-32zm256-96H224c-17.67 0-32 14.33-32 32v32h96c33.21 0 60.59 25.42 63.71 57.82l.29-.22V416h192c17.67 0 32-14.33 32-32V192c0-17.67-14.33-32-32-32zm-32 128h-64v-64h64v64zm-352-96c0-35.29 28.71-64 64-64h224V32c0-17.67-14.33-32-32-32H96C78.33 0 64 14.33 64 32v192h96v-32z\"><\/path><\/svg>\t\t\t\t<\/span>\n\t\t\t<\/div>\n\t\t\t\n\t\t\t\t\t\t<div class=\"elementor-icon-box-content\">\n\n\t\t\t\t\n\t\t\t\t\t\t\t\t\t<p class=\"elementor-icon-box-description\">\n\t\t\t\t\t\tatendimento@cesarbor.com.br\t\t\t\t\t<\/p>\n\t\t\t\t\n\t\t\t<\/div>\n\t\t\t\n\t\t<\/div>\n\t\t\t\t\t\t<\/div>\n\t\t\t\t<\/div>\n\t\t\t\t<\/div>\n\t\t\t\t<\/div>\n\t\t\t\t<\/div>\n\t\t\t\t<\/div>\n\t\t\t\t<\/div>\n\t\t","protected":false},"excerpt":{"rendered":"<p>Sustentabilidade Compromisso com o planeta e com as futuras gera\u00e7\u00f5es Compromisso que vai al\u00e9m da produ\u00e7\u00e3o Na Cesarbor, acreditamos que a responsabilidade com o meio ambiente deve caminhar junto com a inova\u00e7\u00e3o e a efici\u00eancia industrial. Por isso, adotamos pr\u00e1ticas sustent\u00e1veis que garantem qualidade com consci\u00eancia ambiental, respeitando as futuras gera\u00e7\u00f5es e os recursos do [&hellip;]<\/p>\n","protected":false},"author":1,"featured_media":0,"parent":0,"menu_order":0,"comment_status":"closed","ping_status":"closed","template":"","meta":{"_acf_changed":false,"slim_seo":{"title":"Sustentabilidade - Cesarbor","description":"Sustentabilidade Compromisso com o planeta e com as futuras gera\u00e7\u00f5es Compromisso que vai al\u00e9m da produ\u00e7\u00e3o Na Cesarbor , acreditamos que a responsabilidade com o"},"footnotes":""},"class_list":["post-42","page","type-page","status-publish","hentry"],"acf":[],"_links":{"self":[{"href":"https:\/\/cesarbor.com.br\/index.php?rest_route=\/wp\/v2\/pages\/42","targetHints":{"allow":["GET"]}}],"collection":[{"href":"https:\/\/cesarbor.com.br\/index.php?rest_route=\/wp\/v2\/pages"}],"about":[{"href":"https:\/\/cesarbor.com.br\/index.php?rest_route=\/wp\/v2\/types\/page"}],"author":[{"embeddable":true,"href":"https:\/\/cesarbor.com.br\/index.php?rest_route=\/wp\/v2\/users\/1"}],"replies":[{"embeddable":true,"href":"https:\/\/cesarbor.com.br\/index.php?rest_route=%2Fwp%2Fv2%2Fcomments&post=42"}],"version-history":[{"count":23,"href":"https:\/\/cesarbor.com.br\/index.php?rest_route=\/wp\/v2\/pages\/42\/revisions"}],"predecessor-version":[{"id":324,"href":"https:\/\/cesarbor.com.br\/index.php?rest_route=\/wp\/v2\/pages\/42\/revisions\/324"}],"wp:attachment":[{"href":"https:\/\/cesarbor.com.br\/index.php?rest_route=%2Fwp%2Fv2%2Fmedia&parent=42"}],"curies":[{"name":"wp","href":"https:\/\/api.w.org\/{rel}","templated":true}]}}